{"id":1291,"date":"2024-07-24T20:06:45","date_gmt":"2024-07-24T20:06:45","guid":{"rendered":"https:\/\/halter.com.pe\/?page_id=1291"},"modified":"2024-10-30T22:44:41","modified_gmt":"2024-10-30T22:44:41","slug":"zaranda-vibratoria-alta-frecuencia","status":"publish","type":"page","link":"https:\/\/halter.com.pe\/index.php\/productos\/zaranda-vibratoria-para-mineria\/zaranda-vibratoria-alta-frecuencia\/","title":{"rendered":"Zaranda vibratoria alta frecuencia"},"content":{"rendered":"\t\t<div data-elementor-type=\"wp-page\" data-elementor-id=\"1291\" class=\"elementor elementor-1291\">\n\t\t\t\t<div class=\"elementor-element elementor-element-b454651 e-con-full e-flex e-con e-parent\" data-id=\"b454651\" data-element_type=\"container\" data-e-type=\"container\" data-settings=\"{&quot;background_background&quot;:&quot;classic&quot;}\">\n\t\t\t\t<\/div>\n\t\t<div class=\"elementor-element elementor-element-e099c71 e-flex e-con-boxed e-con e-parent\" data-id=\"e099c71\" data-element_type=\"container\" data-e-type=\"container\">\n\t\t\t\t\t<div class=\"e-con-inner\">\n\t\t\t\t<div class=\"elementor-element elementor-element-b9fbf50 elementor-widget-divider--view-line elementor-widget elementor-widget-divider\" data-id=\"b9fbf50\" data-element_type=\"widget\" data-e-type=\"widget\" data-widget_type=\"divider.default\">\n\t\t\t\t<div class=\"elementor-widget-container\">\n\t\t\t\t\t\t\t<div class=\"elementor-divider\">\n\t\t\t<span class=\"elementor-divider-separator\">\n\t\t\t\t\t\t<\/span>\n\t\t<\/div>\n\t\t\t\t\t\t<\/div>\n\t\t\t\t<\/div>\n\t\t\t\t<div class=\"elementor-element elementor-element-f054fb5 elementor-widget elementor-widget-heading\" data-id=\"f054fb5\" data-element_type=\"widget\" data-e-type=\"widget\" data-widget_type=\"heading.default\">\n\t\t\t\t<div class=\"elementor-widget-container\">\n\t\t\t\t\t<h2 class=\"elementor-heading-title elementor-size-default\">Zaranda vibratoria de alta frecuencia<\/h2>\t\t\t\t<\/div>\n\t\t\t\t<\/div>\n\t\t\t\t\t<\/div>\n\t\t\t\t<\/div>\n\t\t<div class=\"elementor-element elementor-element-6fdb421 e-flex e-con-boxed e-con e-parent\" data-id=\"6fdb421\" data-element_type=\"container\" data-e-type=\"container\">\n\t\t\t\t\t<div class=\"e-con-inner\">\n\t\t\t\t<div class=\"elementor-element elementor-element-d362732 elementor-arrows-position-inside elementor-pagination-position-outside elementor-widget elementor-widget-image-carousel\" data-id=\"d362732\" data-element_type=\"widget\" data-e-type=\"widget\" data-settings=\"{&quot;slides_to_show&quot;:&quot;1&quot;,&quot;effect&quot;:&quot;fade&quot;,&quot;navigation&quot;:&quot;both&quot;,&quot;autoplay&quot;:&quot;yes&quot;,&quot;pause_on_hover&quot;:&quot;yes&quot;,&quot;pause_on_interaction&quot;:&quot;yes&quot;,&quot;autoplay_speed&quot;:5000,&quot;infinite&quot;:&quot;yes&quot;,&quot;speed&quot;:500}\" data-widget_type=\"image-carousel.default\">\n\t\t\t\t<div class=\"elementor-widget-container\">\n\t\t\t\t\t\t\t<div class=\"elementor-image-carousel-wrapper swiper\" role=\"region\" aria-roledescription=\"carousel\" aria-label=\"Carrusel de im\u00e1genes\" dir=\"ltr\">\n\t\t\t<div class=\"elementor-image-carousel swiper-wrapper\" aria-live=\"off\">\n\t\t\t\t\t\t\t\t<div class=\"swiper-slide\" role=\"group\" aria-roledescription=\"slide\" aria-label=\"1 de 2\"><figure class=\"swiper-slide-inner\"><img decoding=\"async\" class=\"swiper-slide-image\" src=\"https:\/\/halter.com.pe\/wp-content\/uploads\/2024\/09\/image-removebg-preview-2.png\" alt=\"zaranda de alta frecuencia per\u00fa\" \/><\/figure><\/div><div class=\"swiper-slide\" role=\"group\" aria-roledescription=\"slide\" aria-label=\"2 de 2\"><figure class=\"swiper-slide-inner\"><img decoding=\"async\" class=\"swiper-slide-image\" src=\"https:\/\/halter.com.pe\/wp-content\/uploads\/2024\/07\/image-removebg-preview-2-1.png\" alt=\"venta de zaranda de alta frecuencia\" \/><\/figure><\/div>\t\t\t<\/div>\n\t\t\t\t\t\t\t\t\t\t\t\t<div class=\"elementor-swiper-button elementor-swiper-button-prev\" role=\"button\" tabindex=\"0\">\n\t\t\t\t\t\t<svg aria-hidden=\"true\" class=\"e-font-icon-svg e-eicon-chevron-left\" viewBox=\"0 0 1000 1000\" xmlns=\"http:\/\/www.w3.org\/2000\/svg\"><path d=\"M646 125C629 125 613 133 604 142L308 442C296 454 292 471 292 487 292 504 296 521 308 533L604 854C617 867 629 875 646 875 663 875 679 871 692 858 704 846 713 829 713 812 713 796 708 779 692 767L438 487 692 225C700 217 708 204 708 187 708 171 704 154 692 142 675 129 663 125 646 125Z\"><\/path><\/svg>\t\t\t\t\t<\/div>\n\t\t\t\t\t<div class=\"elementor-swiper-button elementor-swiper-button-next\" role=\"button\" tabindex=\"0\">\n\t\t\t\t\t\t<svg aria-hidden=\"true\" class=\"e-font-icon-svg e-eicon-chevron-right\" viewBox=\"0 0 1000 1000\" xmlns=\"http:\/\/www.w3.org\/2000\/svg\"><path d=\"M696 533C708 521 713 504 713 487 713 471 708 454 696 446L400 146C388 133 375 125 354 125 338 125 325 129 313 142 300 154 292 171 292 187 292 204 296 221 308 233L563 492 304 771C292 783 288 800 288 817 288 833 296 850 308 863 321 871 338 875 354 875 371 875 388 867 400 854L696 533Z\"><\/path><\/svg>\t\t\t\t\t<\/div>\n\t\t\t\t\n\t\t\t\t\t\t\t\t\t<div class=\"swiper-pagination\"><\/div>\n\t\t\t\t\t\t\t\t\t<\/div>\n\t\t\t\t\t\t<\/div>\n\t\t\t\t<\/div>\n\t\t\t\t<div class=\"elementor-element elementor-element-d2b777a elementor-button-info elementor-align-center elementor-widget elementor-widget-button\" data-id=\"d2b777a\" data-element_type=\"widget\" data-e-type=\"widget\" data-widget_type=\"button.default\">\n\t\t\t\t<div class=\"elementor-widget-container\">\n\t\t\t\t\t\t\t\t\t<div class=\"elementor-button-wrapper\">\n\t\t\t\t\t<a class=\"elementor-button elementor-button-link elementor-size-sm\" href=\"https:\/\/halter.com.pe\/index.php\/contacto\/\">\n\t\t\t\t\t\t<span class=\"elementor-button-content-wrapper\">\n\t\t\t\t\t\t\t\t\t<span class=\"elementor-button-text\">Cotiza aqui<\/span>\n\t\t\t\t\t<\/span>\n\t\t\t\t\t<\/a>\n\t\t\t\t<\/div>\n\t\t\t\t\t\t\t\t<\/div>\n\t\t\t\t<\/div>\n\t\t\t\t\t<\/div>\n\t\t\t\t<\/div>\n\t\t<div class=\"elementor-element elementor-element-8ae6b58 e-flex e-con-boxed e-con e-parent\" data-id=\"8ae6b58\" data-element_type=\"container\" data-e-type=\"container\">\n\t\t\t\t\t<div class=\"e-con-inner\">\n\t\t\t\t<div class=\"elementor-element elementor-element-494cfb5 elementor-widget elementor-widget-text-editor\" data-id=\"494cfb5\" data-element_type=\"widget\" data-e-type=\"widget\" data-widget_type=\"text-editor.default\">\n\t\t\t\t<div class=\"elementor-widget-container\">\n\t\t\t\t\t\t\t\t\t<p>La zaranda vibratoria de alta frecuencia GN es adecuada para el cribado h\u00famedo, la clasificaci\u00f3n y el tratamiento de deshidrataci\u00f3n de materiales de grano fino en la preparaci\u00f3n de <strong>minerales<\/strong> y carb\u00f3n y otras industrias, utiliza el principio de resonancia de dos grados de libertad. Dise\u00f1ado para utilizar una sola fuente de vibraci\u00f3n (motores de vibraci\u00f3n duales importados) para impulsar y lograr la vibraci\u00f3n lineal de toda la m\u00e1quina. La zaranda vibratoria de alta frecuencia tiene las ventajas de una gran \u00e1rea de cribado, un \u00e1ngulo de caja de criba ajustable, una estructura compacta, un rendimiento excelente y una alta relaci\u00f3n calidad-precio. Cuenta con un modo de vibraci\u00f3n \u00fanico, ahorro de energ\u00eda, alta eficiencia de cribado, gran capacidad de procesamiento, tecnolog\u00eda avanzada, estructura simple, funcionamiento estable y confiable. Es uno de los equipos m\u00e1s avanzados en el campo del cribado de materiales de grano fino.\u00a0<\/p>\t\t\t\t\t\t\t\t<\/div>\n\t\t\t\t<\/div>\n\t\t\t\t\t<\/div>\n\t\t\t\t<\/div>\n\t\t<div class=\"elementor-element elementor-element-95cf32f e-flex e-con-boxed e-con e-parent\" data-id=\"95cf32f\" data-element_type=\"container\" data-e-type=\"container\">\n\t\t\t\t\t<div class=\"e-con-inner\">\n\t\t\t\t<div class=\"elementor-element elementor-element-5d271f8 elementor-widget elementor-widget-heading\" data-id=\"5d271f8\" data-element_type=\"widget\" data-e-type=\"widget\" data-widget_type=\"heading.default\">\n\t\t\t\t<div class=\"elementor-widget-container\">\n\t\t\t\t\t<h2 class=\"elementor-heading-title elementor-size-default\">PAR\u00c1METROS T\u00c9CNICOS DE LA ZARANDA VIBRATORIA FINA DE ALTA FRECUENCIA<\/h2>\t\t\t\t<\/div>\n\t\t\t\t<\/div>\n\t\t\t\t\t<\/div>\n\t\t\t\t<\/div>\n\t\t<div class=\"elementor-element elementor-element-810861a e-flex e-con-boxed e-con e-parent\" data-id=\"810861a\" data-element_type=\"container\" data-e-type=\"container\">\n\t\t\t\t\t<div class=\"e-con-inner\">\n\t\t\t\t<div class=\"elementor-element elementor-element-8b43e65 elementor-widget elementor-widget-image\" data-id=\"8b43e65\" data-element_type=\"widget\" data-e-type=\"widget\" data-widget_type=\"image.default\">\n\t\t\t\t<div class=\"elementor-widget-container\">\n\t\t\t\t\t\t\t\t\t\t\t\t\t\t\t<img fetchpriority=\"high\" decoding=\"async\" width=\"800\" height=\"581\" src=\"https:\/\/halter.com.pe\/wp-content\/uploads\/2024\/07\/Captura-de-pantalla-2024-07-24-151314.png\" class=\"attachment-large size-large wp-image-1301\" alt=\"\" srcset=\"https:\/\/halter.com.pe\/wp-content\/uploads\/2024\/07\/Captura-de-pantalla-2024-07-24-151314.png 1016w, https:\/\/halter.com.pe\/wp-content\/uploads\/2024\/07\/Captura-de-pantalla-2024-07-24-151314-300x218.png 300w, https:\/\/halter.com.pe\/wp-content\/uploads\/2024\/07\/Captura-de-pantalla-2024-07-24-151314-768x558.png 768w\" sizes=\"(max-width: 800px) 100vw, 800px\" \/>\t\t\t\t\t\t\t\t\t\t\t\t\t\t\t<\/div>\n\t\t\t\t<\/div>\n\t\t\t\t\t<\/div>\n\t\t\t\t<\/div>\n\t\t<div class=\"elementor-element elementor-element-dfe2e18 e-flex e-con-boxed e-con e-parent\" data-id=\"dfe2e18\" data-element_type=\"container\" data-e-type=\"container\">\n\t\t\t\t\t<div class=\"e-con-inner\">\n\t\t\t\t<div class=\"elementor-element elementor-element-59c1caf elementor-widget elementor-widget-heading\" data-id=\"59c1caf\" data-element_type=\"widget\" data-e-type=\"widget\" data-widget_type=\"heading.default\">\n\t\t\t\t<div class=\"elementor-widget-container\">\n\t\t\t\t\t<h2 class=\"elementor-heading-title elementor-size-default\">CARACTER\u00cdSTICAS DEL MOVIMIENTO LINEAL DE LA ZARANDA VIBRATORIA DE ALTA FRECUENCIA<\/h2>\t\t\t\t<\/div>\n\t\t\t\t<\/div>\n\t\t\t\t\t<\/div>\n\t\t\t\t<\/div>\n\t\t<div class=\"elementor-element elementor-element-5a487df e-flex e-con-boxed e-con e-parent\" data-id=\"5a487df\" data-element_type=\"container\" data-e-type=\"container\">\n\t\t\t\t\t<div class=\"e-con-inner\">\n\t\t\t\t<div class=\"elementor-element elementor-element-0b43f4a elementor-widget elementor-widget-text-editor\" data-id=\"0b43f4a\" data-element_type=\"widget\" data-e-type=\"widget\" data-widget_type=\"text-editor.default\">\n\t\t\t\t<div class=\"elementor-widget-container\">\n\t\t\t\t\t\t\t\t\t<ul class=\"featuredlist\"><li>Dise\u00f1ada seg\u00fan el principio de autosincronizaci\u00f3n de motores duales.<\/li><li>Motor de vibraci\u00f3n importado (motor Martin o motor OLI) con tecnolog\u00eda avanzada, operaci\u00f3n confiable y largo tiempo de funcionamiento sin problemas.<\/li><li>El conjunto de la caja de cribado est\u00e1 dispuesto en m\u00faltiples etapas, lo que tiene las ventajas de gran capacidad de procesamiento, alta eficiencia de cribado, bajo consumo de energ\u00eda, peque\u00f1a carga din\u00e1mica, operaci\u00f3n simple, rendimiento estable, seguridad y durabilidad, y bajo mantenimiento.<\/li><li>El ajuste mec\u00e1nico del \u00e1ngulo del conjunto de la caja de la pantalla es conveniente y confiable.<\/li><li>El tratamiento t\u00e9rmico general de la caja de la pantalla puede soportar un trabajo a largo plazo bajo una alta intensidad de vibraci\u00f3n.<\/li><li>Componentes el\u00e9ctricos de marcas famosas internacionales, componentes Siemens o Schneider.<\/li><li>Se adopta una malla de pantalla de poliuretano, buena elasticidad, no es f\u00e1cil bloquear la pantalla, se pueden instalar de tres a cuatro pantallas<\/li><li>La superficie de la pantalla vibratoria se trata con chorro de arena y se roc\u00eda con pintura anticorrosi\u00f3n pesada, que tiene un buen rendimiento anticorrosi\u00f3n.<\/li><\/ul>\t\t\t\t\t\t\t\t<\/div>\n\t\t\t\t<\/div>\n\t\t\t\t\t<\/div>\n\t\t\t\t<\/div>\n\t\t<div class=\"elementor-element elementor-element-f28aeec e-flex e-con-boxed e-con e-parent\" data-id=\"f28aeec\" data-element_type=\"container\" data-e-type=\"container\">\n\t\t\t\t\t<div class=\"e-con-inner\">\n\t\t\t\t<div class=\"elementor-element elementor-element-8f8c0d6 elementor-widget elementor-widget-heading\" data-id=\"8f8c0d6\" data-element_type=\"widget\" data-e-type=\"widget\" data-widget_type=\"heading.default\">\n\t\t\t\t<div class=\"elementor-widget-container\">\n\t\t\t\t\t<h2 class=\"elementor-heading-title elementor-size-default\">COMPONENTES PRINCIPALES DE LA ZARANDA VIBRATORIA FINA DE ALTA FRECUENCIA<\/h2>\t\t\t\t<\/div>\n\t\t\t\t<\/div>\n\t\t\t\t\t<\/div>\n\t\t\t\t<\/div>\n\t\t<div class=\"elementor-element elementor-element-e49d3bc e-flex e-con-boxed e-con e-parent\" data-id=\"e49d3bc\" data-element_type=\"container\" data-e-type=\"container\">\n\t\t\t\t\t<div class=\"e-con-inner\">\n\t\t\t\t<div class=\"elementor-element elementor-element-23cd233 elementor-widget elementor-widget-image\" data-id=\"23cd233\" data-element_type=\"widget\" data-e-type=\"widget\" data-widget_type=\"image.default\">\n\t\t\t\t<div class=\"elementor-widget-container\">\n\t\t\t\t\t\t\t\t\t\t\t\t\t\t\t<img decoding=\"async\" width=\"800\" height=\"381\" src=\"https:\/\/halter.com.pe\/wp-content\/uploads\/2024\/07\/Linear-Vibrating-Screen4.jpg\" class=\"attachment-large size-large wp-image-1302\" alt=\"\" srcset=\"https:\/\/halter.com.pe\/wp-content\/uploads\/2024\/07\/Linear-Vibrating-Screen4.jpg 900w, https:\/\/halter.com.pe\/wp-content\/uploads\/2024\/07\/Linear-Vibrating-Screen4-300x143.jpg 300w, https:\/\/halter.com.pe\/wp-content\/uploads\/2024\/07\/Linear-Vibrating-Screen4-768x366.jpg 768w\" sizes=\"(max-width: 800px) 100vw, 800px\" \/>\t\t\t\t\t\t\t\t\t\t\t\t\t\t\t<\/div>\n\t\t\t\t<\/div>\n\t\t\t\t\t<\/div>\n\t\t\t\t<\/div>\n\t\t<div class=\"elementor-element elementor-element-b8c73b1 e-flex e-con-boxed e-con e-parent\" data-id=\"b8c73b1\" data-element_type=\"container\" data-e-type=\"container\">\n\t\t\t\t\t<div class=\"e-con-inner\">\n\t\t\t\t<div class=\"elementor-element elementor-element-ac5cf00 elementor-widget-divider--view-line elementor-widget elementor-widget-divider\" data-id=\"ac5cf00\" data-element_type=\"widget\" data-e-type=\"widget\" data-widget_type=\"divider.default\">\n\t\t\t\t<div class=\"elementor-widget-container\">\n\t\t\t\t\t\t\t<div class=\"elementor-divider\">\n\t\t\t<span class=\"elementor-divider-separator\">\n\t\t\t\t\t\t<\/span>\n\t\t<\/div>\n\t\t\t\t\t\t<\/div>\n\t\t\t\t<\/div>\n\t\t\t\t\t<\/div>\n\t\t\t\t<\/div>\n\t\t\t\t<\/div>\n\t\t","protected":false},"excerpt":{"rendered":"<p>Zaranda vibratoria de alta frecuencia Cotiza aqui La zaranda vibratoria de alta frecuencia GN es adecuada para el cribado h\u00famedo, la clasificaci\u00f3n y el tratamiento de deshidrataci\u00f3n de materiales de grano fino en la preparaci\u00f3n de minerales y carb\u00f3n y otras industrias, utiliza el principio de resonancia de dos grados de libertad. Dise\u00f1ado para utilizar [&hellip;]<\/p>\n","protected":false},"author":1,"featured_media":0,"parent":1143,"menu_order":0,"comment_status":"closed","ping_status":"closed","template":"","meta":{"footnotes":""},"class_list":["post-1291","page","type-page","status-publish","hentry"],"yoast_head":"<!-- This site is optimized with the Yoast SEO plugin v27.3 - https:\/\/yoast.com\/product\/yoast-seo-wordpress\/ -->\n<title>Zaranda vibratoria alta frecuencia - Halter<\/title>\n<meta name=\"description\" content=\"La zaranda vibratoria de alta frecuencia es adecuada para el cribado h\u00famedo, la clasificaci\u00f3n y el tratamiento de deshidrataci\u00f3n fino.\" \/>\n<meta name=\"robots\" content=\"index, follow, max-snippet:-1, max-image-preview:large, max-video-preview:-1\" \/>\n<link rel=\"canonical\" href=\"https:\/\/halter.com.pe\/index.php\/productos\/zaranda-vibratoria-para-mineria\/zaranda-vibratoria-alta-frecuencia\/\" \/>\n<meta property=\"og:locale\" content=\"es_ES\" \/>\n<meta property=\"og:type\" content=\"article\" \/>\n<meta property=\"og:title\" content=\"Zaranda vibratoria alta frecuencia - Halter\" \/>\n<meta property=\"og:description\" content=\"La zaranda vibratoria de alta frecuencia es adecuada para el cribado h\u00famedo, la clasificaci\u00f3n y el tratamiento de deshidrataci\u00f3n fino.\" \/>\n<meta property=\"og:url\" content=\"https:\/\/halter.com.pe\/index.php\/productos\/zaranda-vibratoria-para-mineria\/zaranda-vibratoria-alta-frecuencia\/\" \/>\n<meta property=\"og:site_name\" content=\"Halter\" \/>\n<meta property=\"article:modified_time\" content=\"2024-10-30T22:44:41+00:00\" \/>\n<meta property=\"og:image\" content=\"https:\/\/halter.com.pe\/wp-content\/uploads\/2024\/09\/image-removebg-preview-2.png\" \/>\n<meta name=\"twitter:card\" content=\"summary_large_image\" \/>\n<meta name=\"twitter:label1\" content=\"Tiempo de lectura\" \/>\n\t<meta name=\"twitter:data1\" content=\"3 minutos\" \/>\n<script type=\"application\/ld+json\" class=\"yoast-schema-graph\">{\"@context\":\"https:\\\/\\\/schema.org\",\"@graph\":[{\"@type\":\"WebPage\",\"@id\":\"https:\\\/\\\/halter.com.pe\\\/index.php\\\/productos\\\/zaranda-vibratoria-para-mineria\\\/zaranda-vibratoria-alta-frecuencia\\\/\",\"url\":\"https:\\\/\\\/halter.com.pe\\\/index.php\\\/productos\\\/zaranda-vibratoria-para-mineria\\\/zaranda-vibratoria-alta-frecuencia\\\/\",\"name\":\"Zaranda vibratoria alta frecuencia - Halter\",\"isPartOf\":{\"@id\":\"https:\\\/\\\/halter.com.pe\\\/#website\"},\"primaryImageOfPage\":{\"@id\":\"https:\\\/\\\/halter.com.pe\\\/index.php\\\/productos\\\/zaranda-vibratoria-para-mineria\\\/zaranda-vibratoria-alta-frecuencia\\\/#primaryimage\"},\"image\":{\"@id\":\"https:\\\/\\\/halter.com.pe\\\/index.php\\\/productos\\\/zaranda-vibratoria-para-mineria\\\/zaranda-vibratoria-alta-frecuencia\\\/#primaryimage\"},\"thumbnailUrl\":\"https:\\\/\\\/halter.com.pe\\\/wp-content\\\/uploads\\\/2024\\\/09\\\/image-removebg-preview-2.png\",\"datePublished\":\"2024-07-24T20:06:45+00:00\",\"dateModified\":\"2024-10-30T22:44:41+00:00\",\"description\":\"La zaranda vibratoria de alta frecuencia es adecuada para el cribado h\u00famedo, la clasificaci\u00f3n y el tratamiento de deshidrataci\u00f3n fino.\",\"breadcrumb\":{\"@id\":\"https:\\\/\\\/halter.com.pe\\\/index.php\\\/productos\\\/zaranda-vibratoria-para-mineria\\\/zaranda-vibratoria-alta-frecuencia\\\/#breadcrumb\"},\"inLanguage\":\"es\",\"potentialAction\":[{\"@type\":\"ReadAction\",\"target\":[\"https:\\\/\\\/halter.com.pe\\\/index.php\\\/productos\\\/zaranda-vibratoria-para-mineria\\\/zaranda-vibratoria-alta-frecuencia\\\/\"]}]},{\"@type\":\"ImageObject\",\"inLanguage\":\"es\",\"@id\":\"https:\\\/\\\/halter.com.pe\\\/index.php\\\/productos\\\/zaranda-vibratoria-para-mineria\\\/zaranda-vibratoria-alta-frecuencia\\\/#primaryimage\",\"url\":\"https:\\\/\\\/halter.com.pe\\\/wp-content\\\/uploads\\\/2024\\\/09\\\/image-removebg-preview-2.png\",\"contentUrl\":\"https:\\\/\\\/halter.com.pe\\\/wp-content\\\/uploads\\\/2024\\\/09\\\/image-removebg-preview-2.png\",\"width\":666,\"height\":375,\"caption\":\"zaranda de alta frecuencia per\u00fa\"},{\"@type\":\"BreadcrumbList\",\"@id\":\"https:\\\/\\\/halter.com.pe\\\/index.php\\\/productos\\\/zaranda-vibratoria-para-mineria\\\/zaranda-vibratoria-alta-frecuencia\\\/#breadcrumb\",\"itemListElement\":[{\"@type\":\"ListItem\",\"position\":1,\"name\":\"Portada\",\"item\":\"https:\\\/\\\/halter.com.pe\\\/\"},{\"@type\":\"ListItem\",\"position\":2,\"name\":\"Productos\",\"item\":\"https:\\\/\\\/halter.com.pe\\\/index.php\\\/productos\\\/\"},{\"@type\":\"ListItem\",\"position\":3,\"name\":\"Zaranda vibratoria para miner\u00eda\",\"item\":\"https:\\\/\\\/halter.com.pe\\\/index.php\\\/productos\\\/zaranda-vibratoria-para-mineria\\\/\"},{\"@type\":\"ListItem\",\"position\":4,\"name\":\"Zaranda vibratoria alta frecuencia\"}]},{\"@type\":\"WebSite\",\"@id\":\"https:\\\/\\\/halter.com.pe\\\/#website\",\"url\":\"https:\\\/\\\/halter.com.pe\\\/\",\"name\":\"Halter\",\"description\":\"Especialista en equipos de control de minerales, petr\u00f3leo y gas\",\"publisher\":{\"@id\":\"https:\\\/\\\/halter.com.pe\\\/#organization\"},\"potentialAction\":[{\"@type\":\"SearchAction\",\"target\":{\"@type\":\"EntryPoint\",\"urlTemplate\":\"https:\\\/\\\/halter.com.pe\\\/?s={search_term_string}\"},\"query-input\":{\"@type\":\"PropertyValueSpecification\",\"valueRequired\":true,\"valueName\":\"search_term_string\"}}],\"inLanguage\":\"es\"},{\"@type\":\"Organization\",\"@id\":\"https:\\\/\\\/halter.com.pe\\\/#organization\",\"name\":\"Halter\",\"url\":\"https:\\\/\\\/halter.com.pe\\\/\",\"logo\":{\"@type\":\"ImageObject\",\"inLanguage\":\"es\",\"@id\":\"https:\\\/\\\/halter.com.pe\\\/#\\\/schema\\\/logo\\\/image\\\/\",\"url\":\"https:\\\/\\\/halter.com.pe\\\/wp-content\\\/uploads\\\/2024\\\/11\\\/R-removebg-preview.png\",\"contentUrl\":\"https:\\\/\\\/halter.com.pe\\\/wp-content\\\/uploads\\\/2024\\\/11\\\/R-removebg-preview.png\",\"width\":350,\"height\":100,\"caption\":\"Halter\"},\"image\":{\"@id\":\"https:\\\/\\\/halter.com.pe\\\/#\\\/schema\\\/logo\\\/image\\\/\"},\"sameAs\":[\"https:\\\/\\\/www.instagram.com\\\/halter_pe\\\/\",\"https:\\\/\\\/www.linkedin.com\\\/company\\\/halter-peru\\\/?viewAsMember=true\",\"https:\\\/\\\/www.youtube.com\\\/channel\\\/UCz4H8oYgooBK7uZ-s_1qvQg\"]}]}<\/script>\n<!-- \/ Yoast SEO plugin. -->","yoast_head_json":{"title":"Zaranda vibratoria alta frecuencia - Halter","description":"La zaranda vibratoria de alta frecuencia es adecuada para el cribado h\u00famedo, la clasificaci\u00f3n y el tratamiento de deshidrataci\u00f3n fino.","robots":{"index":"index","follow":"follow","max-snippet":"max-snippet:-1","max-image-preview":"max-image-preview:large","max-video-preview":"max-video-preview:-1"},"canonical":"https:\/\/halter.com.pe\/index.php\/productos\/zaranda-vibratoria-para-mineria\/zaranda-vibratoria-alta-frecuencia\/","og_locale":"es_ES","og_type":"article","og_title":"Zaranda vibratoria alta frecuencia - Halter","og_description":"La zaranda vibratoria de alta frecuencia es adecuada para el cribado h\u00famedo, la clasificaci\u00f3n y el tratamiento de deshidrataci\u00f3n fino.","og_url":"https:\/\/halter.com.pe\/index.php\/productos\/zaranda-vibratoria-para-mineria\/zaranda-vibratoria-alta-frecuencia\/","og_site_name":"Halter","article_modified_time":"2024-10-30T22:44:41+00:00","og_image":[{"url":"https:\/\/halter.com.pe\/wp-content\/uploads\/2024\/09\/image-removebg-preview-2.png","type":"","width":"","height":""}],"twitter_card":"summary_large_image","twitter_misc":{"Tiempo de lectura":"3 minutos"},"schema":{"@context":"https:\/\/schema.org","@graph":[{"@type":"WebPage","@id":"https:\/\/halter.com.pe\/index.php\/productos\/zaranda-vibratoria-para-mineria\/zaranda-vibratoria-alta-frecuencia\/","url":"https:\/\/halter.com.pe\/index.php\/productos\/zaranda-vibratoria-para-mineria\/zaranda-vibratoria-alta-frecuencia\/","name":"Zaranda vibratoria alta frecuencia - Halter","isPartOf":{"@id":"https:\/\/halter.com.pe\/#website"},"primaryImageOfPage":{"@id":"https:\/\/halter.com.pe\/index.php\/productos\/zaranda-vibratoria-para-mineria\/zaranda-vibratoria-alta-frecuencia\/#primaryimage"},"image":{"@id":"https:\/\/halter.com.pe\/index.php\/productos\/zaranda-vibratoria-para-mineria\/zaranda-vibratoria-alta-frecuencia\/#primaryimage"},"thumbnailUrl":"https:\/\/halter.com.pe\/wp-content\/uploads\/2024\/09\/image-removebg-preview-2.png","datePublished":"2024-07-24T20:06:45+00:00","dateModified":"2024-10-30T22:44:41+00:00","description":"La zaranda vibratoria de alta frecuencia es adecuada para el cribado h\u00famedo, la clasificaci\u00f3n y el tratamiento de deshidrataci\u00f3n fino.","breadcrumb":{"@id":"https:\/\/halter.com.pe\/index.php\/productos\/zaranda-vibratoria-para-mineria\/zaranda-vibratoria-alta-frecuencia\/#breadcrumb"},"inLanguage":"es","potentialAction":[{"@type":"ReadAction","target":["https:\/\/halter.com.pe\/index.php\/productos\/zaranda-vibratoria-para-mineria\/zaranda-vibratoria-alta-frecuencia\/"]}]},{"@type":"ImageObject","inLanguage":"es","@id":"https:\/\/halter.com.pe\/index.php\/productos\/zaranda-vibratoria-para-mineria\/zaranda-vibratoria-alta-frecuencia\/#primaryimage","url":"https:\/\/halter.com.pe\/wp-content\/uploads\/2024\/09\/image-removebg-preview-2.png","contentUrl":"https:\/\/halter.com.pe\/wp-content\/uploads\/2024\/09\/image-removebg-preview-2.png","width":666,"height":375,"caption":"zaranda de alta frecuencia per\u00fa"},{"@type":"BreadcrumbList","@id":"https:\/\/halter.com.pe\/index.php\/productos\/zaranda-vibratoria-para-mineria\/zaranda-vibratoria-alta-frecuencia\/#breadcrumb","itemListElement":[{"@type":"ListItem","position":1,"name":"Portada","item":"https:\/\/halter.com.pe\/"},{"@type":"ListItem","position":2,"name":"Productos","item":"https:\/\/halter.com.pe\/index.php\/productos\/"},{"@type":"ListItem","position":3,"name":"Zaranda vibratoria para miner\u00eda","item":"https:\/\/halter.com.pe\/index.php\/productos\/zaranda-vibratoria-para-mineria\/"},{"@type":"ListItem","position":4,"name":"Zaranda vibratoria alta frecuencia"}]},{"@type":"WebSite","@id":"https:\/\/halter.com.pe\/#website","url":"https:\/\/halter.com.pe\/","name":"Halter","description":"Especialista en equipos de control de minerales, petr\u00f3leo y gas","publisher":{"@id":"https:\/\/halter.com.pe\/#organization"},"potentialAction":[{"@type":"SearchAction","target":{"@type":"EntryPoint","urlTemplate":"https:\/\/halter.com.pe\/?s={search_term_string}"},"query-input":{"@type":"PropertyValueSpecification","valueRequired":true,"valueName":"search_term_string"}}],"inLanguage":"es"},{"@type":"Organization","@id":"https:\/\/halter.com.pe\/#organization","name":"Halter","url":"https:\/\/halter.com.pe\/","logo":{"@type":"ImageObject","inLanguage":"es","@id":"https:\/\/halter.com.pe\/#\/schema\/logo\/image\/","url":"https:\/\/halter.com.pe\/wp-content\/uploads\/2024\/11\/R-removebg-preview.png","contentUrl":"https:\/\/halter.com.pe\/wp-content\/uploads\/2024\/11\/R-removebg-preview.png","width":350,"height":100,"caption":"Halter"},"image":{"@id":"https:\/\/halter.com.pe\/#\/schema\/logo\/image\/"},"sameAs":["https:\/\/www.instagram.com\/halter_pe\/","https:\/\/www.linkedin.com\/company\/halter-peru\/?viewAsMember=true","https:\/\/www.youtube.com\/channel\/UCz4H8oYgooBK7uZ-s_1qvQg"]}]}},"_links":{"self":[{"href":"https:\/\/halter.com.pe\/index.php\/wp-json\/wp\/v2\/pages\/1291","targetHints":{"allow":["GET"]}}],"collection":[{"href":"https:\/\/halter.com.pe\/index.php\/wp-json\/wp\/v2\/pages"}],"about":[{"href":"https:\/\/halter.com.pe\/index.php\/wp-json\/wp\/v2\/types\/page"}],"author":[{"embeddable":true,"href":"https:\/\/halter.com.pe\/index.php\/wp-json\/wp\/v2\/users\/1"}],"replies":[{"embeddable":true,"href":"https:\/\/halter.com.pe\/index.php\/wp-json\/wp\/v2\/comments?post=1291"}],"version-history":[{"count":26,"href":"https:\/\/halter.com.pe\/index.php\/wp-json\/wp\/v2\/pages\/1291\/revisions"}],"predecessor-version":[{"id":2195,"href":"https:\/\/halter.com.pe\/index.php\/wp-json\/wp\/v2\/pages\/1291\/revisions\/2195"}],"up":[{"embeddable":true,"href":"https:\/\/halter.com.pe\/index.php\/wp-json\/wp\/v2\/pages\/1143"}],"wp:attachment":[{"href":"https:\/\/halter.com.pe\/index.php\/wp-json\/wp\/v2\/media?parent=1291"}],"curies":[{"name":"wp","href":"https:\/\/api.w.org\/{rel}","templated":true}]}}